t of s?
4
Let w be 1*(1 - -2)*1. Let i be (w/(-2) + 2)*6. Suppose -i*s + 46 = -s. What is the tens digit of s?
2
Let t(a) be the second derivative of -a**5/20 + 5*a**4/12 + a**3/3 - 2*a**2 - 3*a. Let g be t(5). What is the units digit of (40/g + -1)*3?
7
Suppose -5*d - 8 = -d. Let y(g) = 2*g**2 + g + 1. What is the units digit of y(d)?
7
Let g(i) be the third derivative of -5*i**4/24 + i**3/6 + 3*i**2. What is the units digit of g(-3)?
6
Let a be 2/1 - (3 + -1). Suppose 4*p - 2*p - 8 = a. Suppose p = f - 1. What is the units digit of f?
5
Suppose -4*t + 40 = -0*w + 2*w, -3*t + w + 20 = 0. Suppose 5*h = h - t. Let y(d) = -d**3 + d**2 + d + 1. What is the tens digit of y(h)?
1
What is the tens digit of 141/6 - (-12)/(-8)?
2
Suppose -4*o + 230 = o. What is the tens digit of o?
4
Let l(q) = -q + 49. What is the units digit of l(9)?
0
Suppose -2*l + 311 = 3*h, 0 = 2*h + l - 289 + 82. What is the units digit of h?
3
Suppose 4*i = -0*i - 24. What is the units digit of (-2)/i - 168/(-9)?
9
Let s(b) = -b**3 + 3*b**2 + b - 2. Let i be s(3). Let t(u) = 27*u + 1. What is the units digit of t(i)?
8
Suppose n - 2*r + 25 = 4*n, 0 = -5*n + 2*r + 47. Let f = n + -5. Suppose 24 = -d + f*d. What is the units digit of d?
8
Suppose -41 = -4*v + 31. Suppose 2*u = u + v. What is the units digit of u?
8
Let j(z) = -z**3 + 5*z**2 + 4*z + 2. Suppose 4*t = n - 17, 5*t + 7 = -8. What is the units digit of j(n)?
2
What is the tens digit of -1 - -1 - (-423 + -2 - -6)?
1
Suppose 0 = 12*y - 20*y + 720. What is the tens digit of y?
9
Suppose -m + 11 + 52 = 0. What is the units digit of m?
3
Suppose -4*d + 0 = -8. Let z be 6/(d + 1) - -13. Let j = z - 7. What is the units digit of j?
8
Suppose 11*k - 15*k = -84. What is the tens digit of k?
2
Let v(g) = 10*g**2 + g - 2. Let p = -14 - -16. What is the units digit of v(p)?
0
Let t = -2 + -2. Let x = t + 10. What is the units digit of x?
6
Let b be ((-2)/4)/(-1)*8. Suppose -2*y = -2*q - 14, 23 = 2*y - q - b*q. Suppose -y*t = -3*t - 7. What is the units digit of t?
7
Let l(w) = -w - 7. Let b be l(5). Let j = b - -4. Let g(u) = -u. What is the units digit of g(j)?
8
Let a(l) = 4*l**2 + 2*l. Let z(d) = d**3 - 6*d**2 + 6*d - 1. Let k be z(5). Suppose k = x + 2*x + 5*n, 2*x - 4*n + 12 = 0. What is the tens digit of a(x)?
1
Suppose -4*c - 9 = f - 2, 0 = 5*f + c - 60. Let i = -7 + f. What is the units digit of i?
6
Suppose 5*p - 2*t = 338 + 14, 0 = -5*t + 20. What is the units digit of p?
2
Let j(d) = d**2 - 2*d + 3. Let c be j(-3). Suppose v - c = 3*v. What is the units digit of (1 + -10)*3/v?
3
Suppose -4*u - 8 = 0, 5*u + 138 = 4*q - 388. What is the units digit of q?
9
Let c = -49 - -84. What is the units digit of c?
5
Suppose -z = 12*z - 3289. What is the hundreds digit of z?
2
Let f = 34 + -21. Suppose 2*t + 3*l - 2*l - f = 0, t = -2*l + 5. What is the units digit of t?
7
Suppose 0 = v - 0*v - a + 2, -6 = -2*v - 3*a. Suppose -p = 3*i - 48, v = -2*p + 2*i - 7*i + 96. What is the tens digit of p?
4
Suppose -4 + 1 = 3*d. Suppose 5*t = -2*m - 6 + 20, 10 = 3*t + 2*m. Let s = t - d. What is the units digit of s?
3
Suppose 4*r - 3*r - 3 = 0. Suppose -r*k + 23 = -2*k. Let i = k + -14. What is the units digit of i?
9
Let r(f) = f**3 + 7*f**2 + 7*f + 4. Let j be r(-6). Let g be 1*(-2 + j + 1). What is the units digit of g/(-6) - 1/(-2)?
1
Let u(r) = -20*r + 41. What is the tens digit of u(-17)?
8
Suppose -4*x = -13*x + 153. What is the units digit of x?
7
Let n = 30 - -4. What is the tens digit of n?
3
Let p = 7 + 4. What is the tens digit of p?
1
Let d(g) = g**3 - 10*g**2 - 12*g + 6. Let s = 17 - 6. Let r be d(s). Let o = 6 + r. What is the units digit of o?
1
Let j(q) be the third derivative of -q**6/120 - q**5/10 - 7*q**4/24 - q**3 - q**2. Let c be j(-5). Suppose -c*z - 4 + 52 = 0. What is the tens digit of z?
1
Suppose 2*w = j - 8, j - 20 = w + 4*w. Suppose 16 = -j*x + 2*x. What is the units digit of x?
8
Suppose u + 4 = 28. What is the tens digit of u?
2
Suppose y = 2*x + 29, 113 = 4*y + y - 2*x. Suppose 4*w = -4*b + 68, -5*w + y = 3*b - 28. What is the tens digit of b?
1
Let n(m) be the third derivative of m**8/5040 + m**6/360 - m**5/15 - 4*m**2. Let j(h) be the third derivative of n(h). What is the units digit of j(-2)?
8
Let r(y) = -y**3 + 13*y**2 - 9*y - 26. What is the hundreds digit of r(11)?
1
Let i = 3 + -7. Let u = i + 23. What is the units digit of u?
9
Suppose -5*z + 3*n = -0 - 7, -z = 5*n + 21. Suppose 4*g - 3*h = 0, h + 5 = -2*g + 5*g. Let f = g + z. What is the units digit of f?
2
Let d = 30 + 8. What is the units digit of d?
8
Suppose n + 33 = -2*n + h, 0 = 3*n + 3*h + 45. Let l = 15 + n. What is the units digit of l?
3
Let z(q) = 2*q**2 + 6*q + 3. Let o be z(-4). Suppose -5*u = -0*i + 5*i - 20, 3*u - 12 = -4*i. Let j = o - u. What is the units digit of j?
7
Let v(w) = -w**3 - 8*w**2 + 9*w. Let u be v(-9). Suppose c - 6*c + 95 = u. What is the units digit of c?
9
Let l be 688/10 - (-2)/10. Suppose g + 3*z = -3*g + l, -z = 3*g - 53. What is the tens digit of g?
1
Let z(q) = -q**2 - 10*q - 5. Let h be z(-9). Suppose h = r + r. What is the units digit of r?
2
Suppose 3*i + s = 5*s - 16, 3*i - 20 = -5*s. Suppose 0 = -3*r, 4*y + 7*r - 4*r + 72 = i. Let x = -12 - y. What is the units digit of x?
6
Suppose -a = -3*d + 48, -4*d = 3*a - 8*a - 53. What is the tens digit of d?
1
Let v(s) be the second derivative of s**4/12 - 3*s**3/2 + 4*s**2 - s. Let f be v(8). Suppose -5*b + 27 + 53 = f. What is the units digit of b?
6
Suppose 0 = 4*z - 3*z + 5*a - 36, -a = 2*z - 54. Suppose 15 = -2*i - 0*c + 3*c, -z = 4*i - 2*c. What is the units digit of 2/(-3)*1*i?
4
Let l(n) = 2*n - 6 + 6 + 16. What is the units digit of l(-7)?
2
What is the tens digit of 2 - ((-4)/1 + -34)?
4
Let o(j) = 31*j**2 - 3. What is the hundreds digit of o(-2)?
1
Let l(q) = q - 1. Let s be l(6). Suppose -5*d + 9 + 0 = -2*a, -s*a = -2*d - 9. What is the units digit of d?
3
Suppose 2*q = -5*y + 112, -2 = q - 2*y - 49. Let w = -29 + q. What is the units digit of w?
2
Let m(y) = y**3 - 4*y**2 - 2*y + 1. Let a be 1 + 2*(4 - 2). Let z be m(a). Suppose -3*q + q + z = 0. What is the units digit of q?
8
Let z be (14 - 4)*2/4. Let c = z - 5. Suppose c = 2*o - 5 - 9. What is the units digit of o?
7
Let u = 682 + -481. What is the units digit of u?
1
Suppose 26 = -4*s + 3*z, s + 3 = 2*z - 1. Let h(u) = -5*u - 14. What is the tens digit of h(s)?
2
Let b be ((-4)/5)/(2/(-5)). Let l be 43 + b/((-4)/6). Suppose -l = -4*a - 0. What is the tens digit of a?
1
Let f = 16 - 14. What is the units digit of f?
2
Let g(z) = -z. Suppose v + 0*v = -3*n + 5, v + n + 5 = 0. What is the units digit of g(v)?
0
Let f be (-1)/4 + (-15)/4. Let w = 7 + f. What is the units digit of w?
3
Let r = 2 + 1. Suppose r*c - 21 = -5*s, -2*c = c - 6. Let d = s + -1. What is the units digit of d?
2
Suppose 10 - 14 = -2*f. What is the units digit of f?
2
Let a(k) = -32*k**3 - k + 1. Let h be a(1). What is the units digit of (-7)/(28/h) + 0?
8
Let b be 6/4*16/6. What is the units digit of b*(-3 + 9/2)?
6
What is the units digit of 49/2 + 7/14?
5
Let k(s) = -s**3 + 7*s**2 + s - 3. What is the units digit of k(3)?
6
Suppose 0 = 7*a - 9*a + 2. What is the units digit of a?
1
Let l be (0 + 1 - 1)/(-2). Suppose -2*m + 34 = -l*m. What is the units digit of m?
7
Let w = 78 + -39. What is the units digit of w?
9
Suppose 5*u - 21 = -r, 2*u + 5*r + 2 = 2*r. Let v(q) = -5 + q - 3 + 4. What is the units digit of v(u)?
1
Let t be 0 - 0/(2/2). Suppose 4*h + t = -8. What is the tens digit of (h - 9)*(1 - 2)?
1
Suppose z = -2*z + 156. What is the tens digit of z?
5
Let d(a) = -5*a - 10. Let j(s) = -1. Let q(o) = -d(o) + 5*j(o). What is the units digit of q(4)?
5
Let c(l) = l - 5. Let r be c(4). Let a be (1 - 1) + (4 - r). Let s = a - 2. What is the units digit of s?
3
Suppose 3*c - c + 7 = 3*d, -7 = -2*d - c. Suppose 101 = d*j + 26. What is the units digit of j?
5
Let y = 2 - 1. Let s = y + 1. Suppose 7 = t + s. What is the units digit of t?
5
Suppose -l + 0*r = r - 10, 3*r = -l. Suppose l = 5*t + o, t + 24 = 2*t - 4*o. Suppose -19 = t*u - 71. What is the units digit of u?
3
Suppose -79 = -3*w + 116. Suppose 3*r = -4*l + 52, -4*l = l + 3*r - w. What is the tens digit of l?
1
Let m = 130 - 89. What is the tens digit of m?
4
Let